{"id":1053,"date":"2021-03-31T22:31:14","date_gmt":"2021-03-31T22:31:14","guid":{"rendered":"https:\/\/apusthemes.com\/wp-demo\/superio\/?page_id=1053"},"modified":"2026-05-13T08:06:02","modified_gmt":"2026-05-13T08:06:02","slug":"job-list","status":"publish","type":"page","link":"https:\/\/caunoivieclam.com\/?page_id=1053","title":{"rendered":"Danh s\u00e1ch vi\u1ec7c l\u00e0m"},"content":{"rendered":"<div class=\"jobs-listing-wrapper main-items-wrapper\" data-display_mode=\"list\">\n\t<div class=\"jobs-alert-ordering-wrapper\">\n<div class=\"results-count\">\n\tHi\u1ec3n th\u1ecb c\u00e1c k\u1ebft qu\u1ea3 duy nh\u1ea5t<\/div><div class=\"jobs-ordering-wrapper\">\n\t<form class=\"jobs-ordering\" method=\"get\" action=\"https:\/\/caunoivieclam.com\/?page_id=1053\">\n\t\t<select name=\"filter-orderby\" class=\"orderby\" data-placeholder=\"S\u1eafp x\u1ebfp b\u1edfi\">\n\t\t\t\t\t\t\t<option value=\"menu_order\"  selected='selected'>S\u1eafp x\u1ebfp b\u1edfi (\u0110\u1ecbnh)<\/option>\n\t\t\t\t\t\t\t<option value=\"newest\" >M\u1edbi nh\u1ea5t<\/option>\n\t\t\t\t\t\t\t<option value=\"oldest\" >L\u00e2u \u0111\u1eddi nh\u1ea5t<\/option>\n\t\t\t\t\t\t\t<option value=\"random\" >Ng\u1eabu nhi\u00ean<\/option>\n\t\t\t\t\t<\/select>\n\t\t<input type=\"hidden\" name=\"paged\" value=\"1\" \/>\n\t\t<input type=\"hidden\" name=\"rest_route\" value=\"\/wp\/v2\/pages\/1053\" \/>\t<\/form>\n<\/div>\n<\/div>\n\n\t\t\t\t\t\t\n\t\t\t<div class=\"jobs-wrapper items-wrapper\">\n\t\t\t\t\t\t\t\t<div class=\"row items-wrapper-list\">\n\t\t\t\t\t\t\t\t\t\t\t<div class=\"item-job col-sm-12 col-md-12 col-xs-12 lg-clearfix md-clearfix \">\n\t\t\t\t\t\t\t<article id=\"post-8765\" class=\"map-item layout-job job-list default post-8765 job_listing type-job_listing status-publish hentry job_listing_type-freelance job_listing_category-hanh-chinh-van-phong job_listing_category-ke-toan-noi-bo job_listing_location-tu-liem job_listing_tag-app job_listing_tag-design job_listing_tag-superio job_listing_tag-support\" data-latitude=\"48.86732230927023\" data-longitude=\"2.3330047348943865\" data-img=\"\">\r\n    <div class=\"clearfix\">\r\n        <a href=\"javascript:void(0);\" class=\"btn-follow btn-action-job btn-add-job-shortlist\" data-job_id=\"8765\" data-nonce=\"34b05eb752\"><i class=\"flaticon-bookmark\"><\/i><\/a>        <div class=\"employer-logo\">\r\n    \t        \t<a href=\"https:\/\/caunoivieclam.com\/?job_listing=ux-ui-designer-web-2\">\r\n                \t\t\t            \t\t<img decoding=\"async\" src=\"https:\/\/caunoivieclam.com\/wp-content\/themes\/superio\/images\/placeholder.png\" alt=\"UX\/UI Designer Web\">\r\n\t            \t            \t                \t<\/a>\r\n            <\/div>        <div class=\"job-list-content\">\r\n            <div class=\"title-wrapper flex-middle-sm\">\r\n                <h2 class=\"job-title\"><a href=\"https:\/\/caunoivieclam.com\/?job_listing=ux-ui-designer-web-2\" rel=\"bookmark\">UX\/UI Designer Web<\/a><\/h2>                                \r\n                            <\/div>\r\n            <div class=\"job-metas\">\r\n                \t\t<div class=\"category-job\">\r\n\t\t\t\t\t\t\t<div class=\"job-category with-icon\">\r\n\t\t\t\t\t\t\t\t\t\t<i class=\"flaticon-briefcase-1\"><\/i>\r\n\t\t\t\t\t\t\t\t\t\t\t\t\t\t\t\t<a href=\"https:\/\/caunoivieclam.com\/?job_listing_category=hanh-chinh-van-phong\" style=\"\">H\u00e0nh ch\u00ednh - V\u0103n ph\u00f2ng<\/a>, \r\n\t\t\t\t\t\t\t\r\n\t\t        \t\t\t\t\t\t\t\t\t\t\t\t\t\t<a href=\"https:\/\/caunoivieclam.com\/?job_listing_category=ke-toan-noi-bo\" style=\"\">K\u1ebf to\u00e1n n\u1ed9i b\u1ed9<\/a>\r\n\t\t\t\t\t\t\t\r\n\t\t        \t\t    \t<\/div>\r\n\t    <\/div>\r\n    \t                <div class=\"job-location\">\r\n\t\t\t\t            <i class=\"flaticon-location\"><\/i>\r\n\t                                    <a href=\"https:\/\/caunoivieclam.com\/?job_listing_location=tu-liem\">T\u1eeb Li\u00eam<\/a>                    <\/div>                <div class=\"job-salary with-icon\"><i class=\"flaticon-money-1\"><\/i> <span class=\"suffix\">&#36;<\/span><span class=\"price-text\">650<\/span> - <span class=\"suffix\">&#36;<\/span><span class=\"price-text\">700<\/span>\/ th\u00e1ng<\/div>            <\/div>\r\n            <div class=\"job-metas-bottom\">\r\n                <div class=\"job-type with-title\">\r\n\t\t\t\t\t\t            \t<a class=\"type-job\" href=\"https:\/\/caunoivieclam.com\/?job_listing_type=freelance\" style=\"\">Freelance<\/a>\r\n\t\t        \t\t    \t<\/div>                            <\/div>\r\n        <\/div>\r\n    <\/div>\r\n<\/article><!-- #post-## -->\r\n\t\t\t\t\t\t<\/div>\n\t\t\t\t\t\t\t\t\t\t\t<div class=\"item-job col-sm-12 col-md-12 col-xs-12 lg-clearfix md-clearfix \">\n\t\t\t\t\t\t\t<article id=\"post-4534\" class=\"map-item layout-job job-list default post-4534 job_listing type-job_listing status-publish hentry job_listing_type-freelance job_listing_category-hanh-chinh-van-phong job_listing_category-ke-toan-noi-bo job_listing_location-tu-liem job_listing_tag-app job_listing_tag-design job_listing_tag-superio job_listing_tag-support\" data-latitude=\"48.86732230927023\" data-longitude=\"2.3330047348943865\" data-img=\"\">\r\n    <div class=\"clearfix\">\r\n        <a href=\"javascript:void(0);\" class=\"btn-follow btn-action-job btn-add-job-shortlist\" data-job_id=\"4534\" data-nonce=\"34b05eb752\"><i class=\"flaticon-bookmark\"><\/i><\/a>        <div class=\"employer-logo\">\r\n    \t        \t<a href=\"https:\/\/caunoivieclam.com\/?job_listing=ux-ui-designer-web\">\r\n                \t\t\t            \t\t<img decoding=\"async\" src=\"https:\/\/caunoivieclam.com\/wp-content\/themes\/superio\/images\/placeholder.png\" alt=\"UX\/UI Designer Web\">\r\n\t            \t            \t                \t<\/a>\r\n            <\/div>        <div class=\"job-list-content\">\r\n            <div class=\"title-wrapper flex-middle-sm\">\r\n                <h2 class=\"job-title\"><a href=\"https:\/\/caunoivieclam.com\/?job_listing=ux-ui-designer-web\" rel=\"bookmark\">UX\/UI Designer Web<\/a><\/h2>                                \r\n                            <\/div>\r\n            <div class=\"job-metas\">\r\n                \t\t<div class=\"category-job\">\r\n\t\t\t\t\t\t\t<div class=\"job-category with-icon\">\r\n\t\t\t\t\t\t\t\t\t\t<i class=\"flaticon-briefcase-1\"><\/i>\r\n\t\t\t\t\t\t\t\t\t\t\t\t\t\t\t\t<a href=\"https:\/\/caunoivieclam.com\/?job_listing_category=hanh-chinh-van-phong\" style=\"\">H\u00e0nh ch\u00ednh - V\u0103n ph\u00f2ng<\/a>, \r\n\t\t\t\t\t\t\t\r\n\t\t        \t\t\t\t\t\t\t\t\t\t\t\t\t\t<a href=\"https:\/\/caunoivieclam.com\/?job_listing_category=ke-toan-noi-bo\" style=\"\">K\u1ebf to\u00e1n n\u1ed9i b\u1ed9<\/a>\r\n\t\t\t\t\t\t\t\r\n\t\t        \t\t    \t<\/div>\r\n\t    <\/div>\r\n    \t                <div class=\"job-location\">\r\n\t\t\t\t            <i class=\"flaticon-location\"><\/i>\r\n\t                                    <a href=\"https:\/\/caunoivieclam.com\/?job_listing_location=tu-liem\">T\u1eeb Li\u00eam<\/a>                    <\/div>                <div class=\"job-salary with-icon\"><i class=\"flaticon-money-1\"><\/i> <span class=\"suffix\">&#36;<\/span><span class=\"price-text\">650<\/span> - <span class=\"suffix\">&#36;<\/span><span class=\"price-text\">700<\/span>\/ th\u00e1ng<\/div>            <\/div>\r\n            <div class=\"job-metas-bottom\">\r\n                <div class=\"job-type with-title\">\r\n\t\t\t\t\t\t            \t<a class=\"type-job\" href=\"https:\/\/caunoivieclam.com\/?job_listing_type=freelance\" style=\"\">Freelance<\/a>\r\n\t\t        \t\t    \t<\/div>                            <\/div>\r\n        <\/div>\r\n    <\/div>\r\n<\/article><!-- #post-## -->\r\n\t\t\t\t\t\t<\/div>\n\t\t\t\t\t\t\t\t\t\t\t<div class=\"item-job col-sm-12 col-md-12 col-xs-12 lg-clearfix md-clearfix \">\n\t\t\t\t\t\t\t<article id=\"post-8762\" class=\"map-item layout-job job-list default post-8762 job_listing type-job_listing status-publish hentry job_listing_type-internship job_listing_category-ke-toan-ban-hang job_listing_location-hai-ba-trung job_listing_tag-app job_listing_tag-design job_listing_tag-jobs job_listing_tag-skill is-featured\" data-latitude=\"40.69627943975441\" data-longitude=\"-73.97313156210255\" data-img=\"https:\/\/caunoivieclam.com\/wp-content\/uploads\/2021\/05\/y12-2.jpg\">\r\n    <div class=\"clearfix\">\r\n        <a href=\"javascript:void(0);\" class=\"btn-follow btn-action-job btn-add-job-shortlist\" data-job_id=\"8762\" data-nonce=\"34b05eb752\"><i class=\"flaticon-bookmark\"><\/i><\/a>        <div class=\"employer-logo\">\r\n    \t        \t<a href=\"https:\/\/caunoivieclam.com\/?job_listing=restaurant-team-member-2\">\r\n                \t\t<img decoding=\"async\" width=\"100\" height=\"100\" src=\"https:\/\/caunoivieclam.com\/wp-content\/uploads\/2021\/05\/y12-2.jpg\" class=\"attachment-thumbnail size-thumbnail wp-post-image\" alt=\"\" \/>            \t                \t<\/a>\r\n            <\/div>        <div class=\"job-list-content\">\r\n            <div class=\"title-wrapper flex-middle-sm\">\r\n                <h2 class=\"job-title\"><a href=\"https:\/\/caunoivieclam.com\/?job_listing=restaurant-team-member-2\" rel=\"bookmark\">Restaurant Team Member<\/a><\/h2>                \t\t        \t<span class=\"featured-text\">\u0110\u1eb7c tr\u01b0ng<\/span>\r\n                            \r\n                            <\/div>\r\n            <div class=\"job-metas\">\r\n                \t\t<div class=\"category-job\">\r\n\t\t\t\t\t\t\t<div class=\"job-category with-icon\">\r\n\t\t\t\t\t\t\t\t\t\t<i class=\"flaticon-briefcase-1\"><\/i>\r\n\t\t\t\t\t\t\t\t\t\t\t\t\t\t\t\t<a href=\"https:\/\/caunoivieclam.com\/?job_listing_category=ke-toan-ban-hang\" style=\"\">K\u1ebf to\u00e1n b\u00e1n h\u00e0ng<\/a>\r\n\t\t\t\t\t\t\t\r\n\t\t        \t\t    \t<\/div>\r\n\t    <\/div>\r\n    \t                <div class=\"job-location\">\r\n\t\t\t\t            <i class=\"flaticon-location\"><\/i>\r\n\t                                    <a href=\"https:\/\/caunoivieclam.com\/?job_listing_location=hai-ba-trung\">Hai B\u00e0 Tr\u01b0ng<\/a>                    <\/div>                <div class=\"job-salary with-icon\"><i class=\"flaticon-money-1\"><\/i> <span class=\"suffix\">&#36;<\/span><span class=\"price-text\">350<\/span> - <span class=\"suffix\">&#36;<\/span><span class=\"price-text\">400<\/span>\/ th\u00e1ng<\/div>            <\/div>\r\n            <div class=\"job-metas-bottom\">\r\n                <div class=\"job-type with-title\">\r\n\t\t\t\t\t\t            \t<a class=\"type-job\" href=\"https:\/\/caunoivieclam.com\/?job_listing_type=internship\" style=\"\">Internship<\/a>\r\n\t\t        \t\t    \t<\/div>                            <\/div>\r\n        <\/div>\r\n    <\/div>\r\n<\/article><!-- #post-## -->\r\n\t\t\t\t\t\t<\/div>\n\t\t\t\t\t\t\t\t\t\t\t<div class=\"item-job col-sm-12 col-md-12 col-xs-12 lg-clearfix md-clearfix \">\n\t\t\t\t\t\t\t<article id=\"post-4531\" class=\"map-item layout-job job-list default post-4531 job_listing type-job_listing status-publish hentry job_listing_type-internship job_listing_category-ke-toan-ban-hang job_listing_location-hai-ba-trung job_listing_tag-app job_listing_tag-design job_listing_tag-jobs job_listing_tag-skill is-featured\" data-latitude=\"40.69627943975441\" data-longitude=\"-73.97313156210255\" data-img=\"https:\/\/caunoivieclam.com\/wp-content\/uploads\/2021\/05\/y12-2.jpg\">\r\n    <div class=\"clearfix\">\r\n        <a href=\"javascript:void(0);\" class=\"btn-follow btn-action-job btn-add-job-shortlist\" data-job_id=\"4531\" data-nonce=\"34b05eb752\"><i class=\"flaticon-bookmark\"><\/i><\/a>        <div class=\"employer-logo\">\r\n    \t        \t<a href=\"https:\/\/caunoivieclam.com\/?job_listing=restaurant-team-member\">\r\n                \t\t<img decoding=\"async\" width=\"100\" height=\"100\" src=\"https:\/\/caunoivieclam.com\/wp-content\/uploads\/2021\/05\/y12-2.jpg\" class=\"attachment-thumbnail size-thumbnail wp-post-image\" alt=\"\" \/>            \t                \t<\/a>\r\n            <\/div>        <div class=\"job-list-content\">\r\n            <div class=\"title-wrapper flex-middle-sm\">\r\n                <h2 class=\"job-title\"><a href=\"https:\/\/caunoivieclam.com\/?job_listing=restaurant-team-member\" rel=\"bookmark\">Restaurant Team Member<\/a><\/h2>                \t\t        \t<span class=\"featured-text\">\u0110\u1eb7c tr\u01b0ng<\/span>\r\n                            \r\n                            <\/div>\r\n            <div class=\"job-metas\">\r\n                \t\t<div class=\"category-job\">\r\n\t\t\t\t\t\t\t<div class=\"job-category with-icon\">\r\n\t\t\t\t\t\t\t\t\t\t<i class=\"flaticon-briefcase-1\"><\/i>\r\n\t\t\t\t\t\t\t\t\t\t\t\t\t\t\t\t<a href=\"https:\/\/caunoivieclam.com\/?job_listing_category=ke-toan-ban-hang\" style=\"\">K\u1ebf to\u00e1n b\u00e1n h\u00e0ng<\/a>\r\n\t\t\t\t\t\t\t\r\n\t\t        \t\t    \t<\/div>\r\n\t    <\/div>\r\n    \t                <div class=\"job-location\">\r\n\t\t\t\t            <i class=\"flaticon-location\"><\/i>\r\n\t                                    <a href=\"https:\/\/caunoivieclam.com\/?job_listing_location=hai-ba-trung\">Hai B\u00e0 Tr\u01b0ng<\/a>                    <\/div>                <div class=\"job-salary with-icon\"><i class=\"flaticon-money-1\"><\/i> <span class=\"suffix\">&#36;<\/span><span class=\"price-text\">350<\/span> - <span class=\"suffix\">&#36;<\/span><span class=\"price-text\">400<\/span>\/ th\u00e1ng<\/div>            <\/div>\r\n            <div class=\"job-metas-bottom\">\r\n                <div class=\"job-type with-title\">\r\n\t\t\t\t\t\t            \t<a class=\"type-job\" href=\"https:\/\/caunoivieclam.com\/?job_listing_type=internship\" style=\"\">Internship<\/a>\r\n\t\t        \t\t    \t<\/div>                            <\/div>\r\n        <\/div>\r\n    <\/div>\r\n<\/article><!-- #post-## -->\r\n\t\t\t\t\t\t<\/div>\n\t\t\t\t\t\t\t\t\t<\/div>\n\t\t\t<\/div>\n\n\t\t\t\n\t\n\t<\/div><div class=\"jobs-pagination-wrapper main-pagination-wrapper\">\n\t<\/div>\n","protected":false},"excerpt":{"rendered":"","protected":false},"author":1,"featured_media":0,"parent":0,"menu_order":0,"comment_status":"closed","ping_status":"closed","template":"page-jobs.php","meta":{"footnotes":""},"class_list":["post-1053","page","type-page","status-publish","hentry"],"_links":{"self":[{"href":"https:\/\/caunoivieclam.com\/index.php?rest_route=\/wp\/v2\/pages\/1053","targetHints":{"allow":["GET"]}}],"collection":[{"href":"https:\/\/caunoivieclam.com\/index.php?rest_route=\/wp\/v2\/pages"}],"about":[{"href":"https:\/\/caunoivieclam.com\/index.php?rest_route=\/wp\/v2\/types\/page"}],"author":[{"embeddable":true,"href":"https:\/\/caunoivieclam.com\/index.php?rest_route=\/wp\/v2\/users\/1"}],"replies":[{"embeddable":true,"href":"https:\/\/caunoivieclam.com\/index.php?rest_route=%2Fwp%2Fv2%2Fcomments&post=1053"}],"version-history":[{"count":1,"href":"https:\/\/caunoivieclam.com\/index.php?rest_route=\/wp\/v2\/pages\/1053\/revisions"}],"predecessor-version":[{"id":8868,"href":"https:\/\/caunoivieclam.com\/index.php?rest_route=\/wp\/v2\/pages\/1053\/revisions\/8868"}],"wp:attachment":[{"href":"https:\/\/caunoivieclam.com\/index.php?rest_route=%2Fwp%2Fv2%2Fmedia&parent=1053"}],"curies":[{"name":"wp","href":"https:\/\/api.w.org\/{rel}","templated":true}]}}